{"id":304,"date":"2024-10-07T17:49:34","date_gmt":"2024-10-07T15:49:34","guid":{"rendered":"https:\/\/shoodies.de\/stopselclub-mietraching\/produkt\/badeschlappen\/"},"modified":"2024-10-07T17:49:51","modified_gmt":"2024-10-07T15:49:51","slug":"badeschlappen","status":"publish","type":"product","link":"https:\/\/shoodies.de\/stopselclub-mietraching\/produkt\/badeschlappen\/","title":{"rendered":"Badeschlappen"},"content":{"rendered":"<p>Was ist ein Sommer ohne bequeme, offene Schuhe? Hol dir diese Herren-Schlappen als Erg\u00e4nzung zu deinen sommerlichen Outfits. Der gepolsterte obere Riemen und das strukturierte Fu\u00dfbett machen diese Sandalen zu einer hervorragenden Wahl f\u00fcr die Aktivit\u00e4ten der Saison.<\/p>\n<p> \u2022 Gepolsterter Riemen aus Kunstleder<br \/>\n \u2022 Leichte polyurethane (PU) Au\u00dfensohle<br \/>\n \u2022 Konturiertes, strukturiertes Fu\u00dfbett<br \/>\n \u2022 Um den oberen Rand vern\u00e4ht f\u00fcr zus\u00e4tzliche Langlebigkeit  <br \/>\n \u2022 Abwischen gen\u00fcgt, um die Schuhe zu reinigen<br \/>\n \u2022 Gedruckt, geschnitten und handgefertigt<\/p>\n<p>Disclaimer: Beim \u00d6ffnen des Kartons k\u00f6nnen die Schuhe einen klebstoffartigen Geruch aufweisen. Der Geruch verschwindet ein paar Tage nach dem Auspacken.<\/p>\n","protected":false},"excerpt":{"rendered":"<p>Was ist ein Sommer ohne bequeme, offene Schuhe? Hol dir diese Herren-Schlappen als Erg\u00e4nzung zu deinen sommerlichen Outfits. Der gepolsterte obere Riemen und das strukturierte Fu\u00dfbett machen diese Sandalen zu einer hervorragenden Wahl f\u00fcr die Aktivit\u00e4ten der Saison. \u2022 Gepolsterter Riemen aus Kunstleder \u2022 Leichte polyurethane (PU) Au\u00dfensohle \u2022 Konturiertes, strukturiertes Fu\u00dfbett \u2022 Um den [&hellip;]<\/p>\n","protected":false},"featured_media":315,"comment_status":"open","ping_status":"closed","template":"","meta":[],"product_brand":[],"product_cat":[34],"product_tag":[],"class_list":{"0":"post-304","1":"product","2":"type-product","3":"status-publish","4":"has-post-thumbnail","6":"product_cat-accessoires","8":"first","9":"instock","10":"taxable","11":"shipping-taxable","12":"purchasable","13":"product-type-variable"},"jetpack_sharing_enabled":true,"_links":{"self":[{"href":"https:\/\/shoodies.de\/stopselclub-mietraching\/wp-json\/wp\/v2\/product\/304","targetHints":{"allow":["GET"]}}],"collection":[{"href":"https:\/\/shoodies.de\/stopselclub-mietraching\/wp-json\/wp\/v2\/product"}],"about":[{"href":"https:\/\/shoodies.de\/stopselclub-mietraching\/wp-json\/wp\/v2\/types\/product"}],"replies":[{"embeddable":true,"href":"https:\/\/shoodies.de\/stopselclub-mietraching\/wp-json\/wp\/v2\/comments?post=304"}],"wp:featuredmedia":[{"embeddable":true,"href":"https:\/\/shoodies.de\/stopselclub-mietraching\/wp-json\/wp\/v2\/media\/315"}],"wp:attachment":[{"href":"https:\/\/shoodies.de\/stopselclub-mietraching\/wp-json\/wp\/v2\/media?parent=304"}],"wp:term":[{"taxonomy":"product_brand","embeddable":true,"href":"https:\/\/shoodies.de\/stopselclub-mietraching\/wp-json\/wp\/v2\/product_brand?post=304"},{"taxonomy":"product_cat","embeddable":true,"href":"https:\/\/shoodies.de\/stopselclub-mietraching\/wp-json\/wp\/v2\/product_cat?post=304"},{"taxonomy":"product_tag","embeddable":true,"href":"https:\/\/shoodies.de\/stopselclub-mietraching\/wp-json\/wp\/v2\/product_tag?post=304"}],"curies":[{"name":"wp","href":"https:\/\/api.w.org\/{rel}","templated":true}]}}