{"id":20710,"date":"2025-11-16T19:16:25","date_gmt":"2025-11-16T18:16:25","guid":{"rendered":"https:\/\/shoodies.de\/bredlsport-oberland\/produkt\/bredlsport-zip-sweater-4\/"},"modified":"2026-04-17T00:32:47","modified_gmt":"2026-04-16T22:32:47","slug":"bredlsport-zip-sweater-4","status":"publish","type":"product","link":"https:\/\/shoodies.de\/bredlsport-oberland\/produkt\/bredlsport-zip-sweater-4\/","title":{"rendered":"Bredlsport Zip-Sweater"},"content":{"rendered":"<p><strong>Beschreibung:<\/strong><\/p>\n<p>Kastiges Unisex-Sweatshirt mit Viertelrei\u00dfverschluss und trockener Haptik | Eingesetzte \u00c4rmel | B\u00fcndchen am Halsausschnitt aus Oberstoff | Nackenband und Rei\u00dfverschlussband mit Fischgr\u00e4tmuster | Viertelrei\u00dfverschluss vorn mittig | 2&#215;1-Rippstrick an \u00c4rmelenden und am unteren Saum | Doppelabsteppung an \u00c4rmelans\u00e4tzen, \u00c4rmelenden und am unteren Saum<\/p>\n<p><strong>Pflegehinweise:<\/strong><\/p>\n<p>Mit \u00e4hnlichen Farben waschen, Aufdruck nicht b\u00fcgeln, auf links waschen und b\u00fcgeln. Rei\u00dfverschluss vor dem Waschen schlie\u00dfen. Trocknen: Nicht im Trommeltrockner trocknen Waschen: 30\u00b0 B\u00fcgeln: 110\u00b0<\/p>\n<p><strong>Zusammensetzung:<\/strong><\/p>\n<p>100% Cotton &#8211; Organic Carded<\/p>\n","protected":false},"excerpt":{"rendered":"<p>bestickt auf der Brust mit dem Bredlsport-Logo<\/p>\n<p><a href=\"https:\/\/shoodies.de\/bredlsport-oberland\/wp-content\/uploads\/sites\/8\/2026\/01\/Groessentabelle-Zip-Sweater.jpg\">\u2192 Gr\u00f6\u00dfentabelle<\/a><\/p>\n","protected":false},"featured_media":26492,"comment_status":"open","ping_status":"closed","template":"","meta":[],"product_brand":[21],"product_cat":[55],"product_tag":[46],"class_list":{"0":"post-20710","1":"product","2":"type-product","3":"status-publish","4":"has-post-thumbnail","6":"product_brand-stanley-stella","7":"product_cat-sweatshirt","8":"product_tag-ohne-rueckendruck","9":"pa_farbe-aloe","10":"pa_farbe-desert-dust","11":"pa_farbe-heather-grey","12":"pa_farbe-red-earth","14":"first","15":"instock","16":"taxable","17":"shipping-taxable","18":"purchasable","19":"product-type-variable","20":"has-default-attributes"},"jetpack_sharing_enabled":true,"_links":{"self":[{"href":"https:\/\/shoodies.de\/bredlsport-oberland\/wp-json\/wp\/v2\/product\/20710","targetHints":{"allow":["GET"]}}],"collection":[{"href":"https:\/\/shoodies.de\/bredlsport-oberland\/wp-json\/wp\/v2\/product"}],"about":[{"href":"https:\/\/shoodies.de\/bredlsport-oberland\/wp-json\/wp\/v2\/types\/product"}],"replies":[{"embeddable":true,"href":"https:\/\/shoodies.de\/bredlsport-oberland\/wp-json\/wp\/v2\/comments?post=20710"}],"version-history":[{"count":3,"href":"https:\/\/shoodies.de\/bredlsport-oberland\/wp-json\/wp\/v2\/product\/20710\/revisions"}],"predecessor-version":[{"id":29749,"href":"https:\/\/shoodies.de\/bredlsport-oberland\/wp-json\/wp\/v2\/product\/20710\/revisions\/29749"}],"wp:featuredmedia":[{"embeddable":true,"href":"https:\/\/shoodies.de\/bredlsport-oberland\/wp-json\/wp\/v2\/media\/26492"}],"wp:attachment":[{"href":"https:\/\/shoodies.de\/bredlsport-oberland\/wp-json\/wp\/v2\/media?parent=20710"}],"wp:term":[{"taxonomy":"product_brand","embeddable":true,"href":"https:\/\/shoodies.de\/bredlsport-oberland\/wp-json\/wp\/v2\/product_brand?post=20710"},{"taxonomy":"product_cat","embeddable":true,"href":"https:\/\/shoodies.de\/bredlsport-oberland\/wp-json\/wp\/v2\/product_cat?post=20710"},{"taxonomy":"product_tag","embeddable":true,"href":"https:\/\/shoodies.de\/bredlsport-oberland\/wp-json\/wp\/v2\/product_tag?post=20710"}],"curies":[{"name":"wp","href":"https:\/\/api.w.org\/{rel}","templated":true}]}}