{"id":14976,"date":"2025-11-16T16:27:28","date_gmt":"2025-11-16T15:27:28","guid":{"rendered":"https:\/\/shoodies.de\/bredlsport-oberland\/produkt\/junior-zipper-2\/"},"modified":"2026-04-16T00:50:35","modified_gmt":"2026-04-15T22:50:35","slug":"junior-zipper-2","status":"publish","type":"product","link":"https:\/\/shoodies.de\/bredlsport-oberland\/produkt\/junior-zipper-2\/","title":{"rendered":"Bredlsport Junior Zipper"},"content":{"rendered":"<p><strong>Beschreibung:<\/strong><\/p>\n<p>Das Iconic Kinder-Hoodie-Sweatshirt mit durchgehendem Rei\u00dfverschluss | Set-In \u00c4rmel | Kapuze mit Futter aus gleichem Material | Single-Jersey-Band im Nackenbereich | halbmondf\u00f6rmiger Einsatz aus gleichem Material im Nackenbereich mit 3-mm-Doppelnaht | Einfache Steppnaht an der Halsausschnittnaht | 1&#215;1-Ripp am \u00c4rmelbund und Saum | 2-Nadel-Steppnaht mittig auf der Naht am Saum, B\u00fcndchen und Armausschnitt | K\u00e4ngurutasche mit 1-Nadel-3-mm-Steppnaht | Freiliegender Metallrei\u00dfverschluss in der Mitte vorne<\/p>\n<p><strong>Pflegehinweise:<\/strong><\/p>\n<p>\u00c4hnliche Farben zusammen waschen, nicht auf Drucken b\u00fcgeln, auf links waschen und b\u00fcgeln. Trocknen: Nicht im Trommeltrockner trocknen Waschen: 30\u00b0 B\u00fcgeln: 110\u00b0<\/p>\n<p><strong>Zusammensetzung:<\/strong><\/p>\n<p>100% gek\u00e4mmte ringgesponnene Bio-Baumwolle<\/p>\n","protected":false},"excerpt":{"rendered":"<p>bestickt auf der Brust mit dem Bredlsport-Logo und R\u00fcckendruck<\/p>\n<p><a href=\"https:\/\/shoodies.de\/bredlsport-oberland\/wp-content\/uploads\/sites\/8\/2026\/01\/Groessentabelle-Junior-Zip-Hoodie.jpg\">\u2192 Gr\u00f6\u00dfentabelle<\/a><\/p>\n","protected":false},"featured_media":25910,"comment_status":"open","ping_status":"closed","template":"","meta":[],"product_brand":[21],"product_cat":[44],"product_tag":[47],"class_list":{"0":"post-14976","1":"product","2":"type-product","3":"status-publish","4":"has-post-thumbnail","6":"product_brand-stanley-stella","7":"product_cat-kinder-zip-hoodie","8":"product_tag-mit-rueckendruck","9":"pa_farbe-black","10":"pa_farbe-french-navy","11":"pa_farbe-glazed-green","12":"pa_farbe-red","13":"pa_groesse-kinder-12-13-152-158-cm","14":"pa_groesse-kinder-3-4-98-104-cm","15":"pa_groesse-kinder-5-6-110-116-cm","16":"pa_groesse-kinder-7-8-122-128-cm","17":"pa_groesse-kinder-9-11-134-146-cm","19":"first","20":"instock","21":"taxable","22":"shipping-taxable","23":"purchasable","24":"product-type-variable","25":"has-default-attributes"},"jetpack_sharing_enabled":true,"_links":{"self":[{"href":"https:\/\/shoodies.de\/bredlsport-oberland\/wp-json\/wp\/v2\/product\/14976","targetHints":{"allow":["GET"]}}],"collection":[{"href":"https:\/\/shoodies.de\/bredlsport-oberland\/wp-json\/wp\/v2\/product"}],"about":[{"href":"https:\/\/shoodies.de\/bredlsport-oberland\/wp-json\/wp\/v2\/types\/product"}],"replies":[{"embeddable":true,"href":"https:\/\/shoodies.de\/bredlsport-oberland\/wp-json\/wp\/v2\/comments?post=14976"}],"version-history":[{"count":6,"href":"https:\/\/shoodies.de\/bredlsport-oberland\/wp-json\/wp\/v2\/product\/14976\/revisions"}],"predecessor-version":[{"id":29775,"href":"https:\/\/shoodies.de\/bredlsport-oberland\/wp-json\/wp\/v2\/product\/14976\/revisions\/29775"}],"wp:featuredmedia":[{"embeddable":true,"href":"https:\/\/shoodies.de\/bredlsport-oberland\/wp-json\/wp\/v2\/media\/25910"}],"wp:attachment":[{"href":"https:\/\/shoodies.de\/bredlsport-oberland\/wp-json\/wp\/v2\/media?parent=14976"}],"wp:term":[{"taxonomy":"product_brand","embeddable":true,"href":"https:\/\/shoodies.de\/bredlsport-oberland\/wp-json\/wp\/v2\/product_brand?post=14976"},{"taxonomy":"product_cat","embeddable":true,"href":"https:\/\/shoodies.de\/bredlsport-oberland\/wp-json\/wp\/v2\/product_cat?post=14976"},{"taxonomy":"product_tag","embeddable":true,"href":"https:\/\/shoodies.de\/bredlsport-oberland\/wp-json\/wp\/v2\/product_tag?post=14976"}],"curies":[{"name":"wp","href":"https:\/\/api.w.org\/{rel}","templated":true}]}}